 1 - 0. Let v = -20 - w. What are the prime factors of 48 + v/2*8?
2, 13
Let a(o) be the third derivative of 59*o**4/24 - 139*o**3/3 - 164*o**2. List the prime factors of a(29).
1433
Let m(y) = -21*y**2 - 25*y - 126. Let u(n) = 84*n**2 + 100*n + 505. Let d(r) = -9*m(r) - 2*u(r). What are the prime factors of d(-7)?
2, 3, 163
Suppose 0 = 5*r + 135 - 245. Suppose r*o - 1137 = 17*o + 3*z, 0 = 3*o - z - 683. What are the prime factors of o?
2, 3, 19
Suppose 27*k = 29*k + 162. Let w = k + 73. Let n(d) = -9*d - 14. List the prime factors of n(w).
2, 29
Let i = -14241 + 20342. What are the prime factors of i?
6101
Suppose -m + 18 = 3*y - y, -4*y - 36 = -m. List the prime factors of (4 - 54/m)*668.
7, 167
Let m(d) = d**2 + 6*d - 1. Let q be m(7). Suppose 225 = 5*f + s - 4*s, -3*s = 2*f - q. List the prime factors of 3326/18 + 10/f.
5, 37
Let b = -255 - -258. Suppose 0 = b*h + 5*d - 1895, -4*h - 5*d + 7*d + 2492 = 0. What are the prime factors of h?
5
Let f = 106 - 104. Let l(w) = 58*w**2 - 6. What are the prime factors of l(f)?
2, 113
Let q = -1443 - -2487. Suppose 7*c = -2*c + q. Suppose 2*f + 0*a = a + c, a + 287 = 5*f. What are the prime factors of f?
3, 19
Let u = 1120 + -439. Suppose 5*s + u = 3*f + 3*s, 227 = f - 5*s. What are the prime factors of f?
227
Let n = -27 - -29. Suppose -n*d + 130 = 2*j, 0*d - 256 = -4*j - 3*d. Let r = j + -56. What are the prime factors of r?
5
What are the prime factors of -21 + (-1464)/(-72) - 2/6*-63422?
2, 5, 7, 151
Let w(x) = -2486*x**3 - 10*x - 2. Let g(l) = 1243*l**3 + 5*l + 1. Let m(o) = -7*g(o) - 3*w(o). What are the prime factors of m(-1)?
29, 43
Let c(v) = 51 - 13 - 17*v + 4*v**2 - 6 - 16. What are the prime factors of c(-10)?
2, 293
Suppose -237*g + 258*g = 155085. What are the prime factors of g?
5, 7, 211
Let f(k) = 16*k**2 + 86*k + 807. What are the prime factors of f(-50)?
3, 43, 283
Let d(a) = 543*a + 22. List the prime factors of d(5).
7, 17, 23
Let z(w) = -50 + 129 + 13*w - 54. List the prime factors of z(4).
7, 11
Suppose 13*b = 32*b - 4408. Suppose d = b + 190. What are the prime factors of d?
2, 211
Let t(f) be the second derivative of -f**2/2 + 16*f. Let w(o) = 4*o - 6. Let j(l) = -20*t(l) + 5*w(l). List the prime factors of j(3).
2, 5
What are the prime factors of 18752 + 2 - (-1 + 13 + -1)?
18743
Suppose 5*h + 14664 = 4*i + h, 4*i - h = 14652. Suppose -4*w - i = -37*d + 32*d, 2*d = -5*w + 1478. List the prime factors of d.
2, 367
Let g(x) = -x**2 - 3*x + 50. Let z be g(-10). What are the prime factors of ((-4)/z)/(5/12575)?
503
Let l = -4710 - -8568. List the prime factors of l.
2, 3, 643
Let s = -225 + 231. List the prime factors of 1005/s*(-8)/(-4).
5, 67
Suppose 0 = 4*l - 20, 2*d - 12838 = -5*l - 213. List the prime factors of d.
2, 3, 5, 7
Let o = 196 + -119. Let t = o - 74. Suppose -468 - 123 = -t*l. What are the prime factors of l?
197
Let n = 10860 + -5163. What are the prime factors of n?
3, 211
Let b be 2 - (8/(-16) + 29/2). List the prime factors of (2 - b)/((-1)/(-27)).
2, 3, 7
Let n = 87 + -23. Suppose -n*y + 68*y - 876 = 0. Let p = y - 11. What are the prime factors of p?
2, 13
Suppose 4*k - 13 = 19. Let l(d) be the second derivative of d**4/12 + d**3/2 - 7*d**2/2 - 10*d. What are the prime factors of l(k)?
3
Let y(q) = 39*q**2 + 119*q + 405. Let p(g) = 10*g**2 + 30*g + 101. Let t(s) = 9*p(s) - 2*y(s). What are the prime factors of t(-11)?
11, 109
Suppose -12012*u = -12002*u - 151250. What are the prime factors of u?
5, 11
Suppose 32081 = o + 17*f, 5*o + f - 11023 - 149046 = 0. List the prime factors of o.
3, 3557
Suppose 15*z - 416 = -11*z. What are the prime factors of 4*2/(z/1544)?
2, 193
Suppose -m - 11 = 3*v, 5*m + v - 1 = -0. What are the prime factors of (642 - (8 - 6))/m?
2, 5
Let s = -10836 + 15642. List the prime factors of s.
2, 3, 89
Let a be ((-4)/10)/(8/(-60)) + 1. Suppose 1598 = a*c - 5*j, -3*c - 15*j + 16*j + 1204 = 0. List the prime factors of c.
2, 3, 67
Let a be (-1 - -4)*(-5)/(-3). Suppose g = -2*o + 26 + 9, -5*g = -a*o + 95. Let u(b) = 4*b + 29. List the prime factors of u(o).
101
Suppose 62*d + 54*d - 3586952 = 0. What are the prime factors of d?
2, 15461
Let c = -10 - -9. Let m(o) = -3*o**3 + o**2 + o + 1. Let p be m(c). Suppose 84 = 3*k - 2*k + 5*r, -p*k + 216 = -4*r. List the prime factors of k.
59
Suppose -19*b + 16*b + 474 = 0. List the prime factors of 0 + b + (-58 - -55).
5, 31
Let f = -653 + 7339. List the prime factors of f.
2, 3343
Suppose 5*v - 7 = -k + 15, -14 = -k + 3*v. Suppose 6*q - 3*q = -0*q + 6. Let u = k + q. What are the prime factors of u?
19
Let t be (-24)/15*(-840)/16. Suppose -3*n + t = 9. What are the prime factors of (-3)/5 - ((-365)/n - 6)?
2, 5
Let s(f) = -3*f**3 - 51*f**2 + 14*f - 33. Let t be s(-18). Suppose -6*w = -1845 - t. What are the prime factors of w?
2, 211
Suppose -18*r + 35793 = -442359. What are the prime factors of r?
2, 29, 229
Let t(v) = v**2 + 7*v - 15. Let c be t(-9). Let u be ((-8)/(-6))/((-12)/(-27)). Suppose -u*d + 0*x + 333 = -x, 339 = c*d + x. What are the prime factors of d?
2, 7
Let i = 82783 + -50125. List the prime factors of i.
2, 3, 5443
Let d(w) = -18*w**2 + 2 - 17*w**3 - 3*w - 2*w + 18*w**3 + 8. Let a be d(19). Suppose 0*h = -4*h + a. List the prime factors of h.
3, 23
Let n be 4*(-4 + (-84)/(-16)). Suppose n*h + 0*a + a + 241 = 0, 2*a = h + 57. Let o = h - -101. List the prime factors of o.
2, 13
Let k(y) = y**2 - 17 - y**2 + y**2 - 2*y. Let m be -189 + 199 + (-4)/2. List the prime factors of k(m).
31
Let p(b) = b**2 - 2*b + 20. Let f be p(-11). Let x = f + -124. What are the prime factors of x?
3, 13
Let t be (6 - -1)*(0 + (-30)/(-35)). Let g be (-1)/(-3) + t/(-18). Suppose g*l + 2*l - 380 = 0. What are the prime factors of l?
2, 5, 19
Let b be (-5 - 0 - 1)*1/(-2). Let v be 100*b*(1 + (-28)/48). Suppose -g + p = -64, -g + 3*g - 5*p = v. What are the prime factors of g?
5, 13
Let w(n) = -32*n**3 + n**2 - 10*n - 90. What are the prime factors of w(-5)?
5, 797
Let o(p) = -30*p + 3. Let k be o(1). Let m = 27 + k. Suppose 3*f + m*f = 222. What are the prime factors of f?
2, 37
Let b be ((-56322)/36)/(3/(-2)). Suppose b = 2*i + 401. What are the prime factors of i?
3, 107
Suppose 2*v - 116 = -4*k, -4*k + 189 = 3*v - k. Let c = v + -71. List the prime factors of -1*111*2/9*c.
2, 37
Suppose 2*c + 2*c + 720 = 0. Let r = -604 - -559. Let p = r - c. What are the prime factors of p?
3, 5
Let l(d) = -d**2 - 11*d + 14. Suppose 18*y - 13*y - 65 = 0. Let x(f) = f**3 - 14*f**2 + 13*f - 9. Let p be x(y). What are the prime factors of l(p)?
2
Let a(x) = -x + 8*x + 3 + 3*x + x**2 - 7*x. Let y be a(4). Suppose h = -t + y, -t + 4*t - 69 = 3*h. What are the prime factors of t?
3
Let j(t) = -t + 13. Let l be j(6). Let h be (2*-2)/(5 - l). Suppose 4*z = h*g + 296, 2*g = -z - 16 + 100. List the prime factors of z.
2, 19
Let g(w) = 224*w + 75. Let j be (-78)/(-12) - (-30)/(-12). What are the prime factors of g(j)?
971
Suppose 3*k + 2145 = -0*k. Let a = 1072 + k. List the prime factors of a.
3, 7, 17
Suppose 3*w = -40 - 257. Let z = w - -156. Let q = -25 + z. List the prime factors of q.
2
Let k(u) = 177*u**2 - 29*u - 67. What are the prime factors of k(13)?
3, 11, 19, 47
Let x = -4223 + 32991. List the prime factors of x.
2, 29, 31
Let a = -52 + 55. Suppose -1831 = -a*q - i, q + q = 3*i + 1217. List the prime factors of q.
2, 5, 61
Suppose -5*k = -32 + 7. Suppose h - 284 = -2*y, 582 = 3*y + y - k*h. Suppose -16*f = -15*f - y. List the prime factors of f.
11, 13
Let r(m) = -m**3 + 5*m**2 - 2*m + 2. Let l be r(7). Suppose -2222 = -4*w + 3*u, -u = -3*w - 4*u + 1677. What are the prime factors of -2*(w/(-22) + 20/l)?
3, 17
Let s(i) = i**3 + 5*i**2 - i - 4. Let t be s(-2). Let w(j) be the third derivative of j**5/30 - 2*j**4/3 + 3*j**3/2 - 3*j**2. List the prime factors of w(t).
7
Let f(m) = -142*m - 2992. List the prime factors of f(-61).
2, 3, 5, 7
Let w(v) = -18*v - 53. Let t be ((-6)/(-9))/(4/18). Suppose t*h = 2*h + 5*y - 35, 4*y - 30 = h. List the prime factors of w(h).
127
Suppose 0 = n + 5*n. Let r be 8/4 - (11 + n). List the prime factors of ((-48)/r)/(((-16)/4)/(-24)).
2
Let r(j) = j + 1. Let b(k) be the first derivative of k**3/3 - 11*k**2/2 - 8*k - 17. Let z(s) = -b(s) - 4*r(s). What are the prime factors of z(4)